{"id":2050,"date":"2018-09-28T17:25:41","date_gmt":"2018-09-28T15:25:41","guid":{"rendered":"https:\/\/www.canguillo.de\/casa-rural-can-trui\/"},"modified":"2024-09-08T13:30:18","modified_gmt":"2024-09-08T11:30:18","slug":"casa-rural-can-trui","status":"publish","type":"page","link":"https:\/\/www.canguillo.de\/es\/casa-rural-can-trui\/","title":{"rendered":"Casa rural Can Trui"},"content":{"rendered":"<div class=\"wpb-content-wrapper\"><p>[vc_row css=\u00bb.vc_custom_1503567654949{margin-top: 50px !important;margin-bottom: 50px !important;}\u00bb][vc_column][vc_column_text]<\/p>\n<h2>Casa rural mallorquina con piscina y terraza<\/h2>\n<p>[\/vc_column_text]\n\n    <div class=\"  nd_options_section\">\n        \n\n        <div class=\"nd_options_mpopup_gallery\">\n            <a class=\" nd_options_outline_0 nd_options_mpopup_gallery\" href=\"https:\/\/www.canguillo.de\/wp-content\/uploads\/2019\/06\/finca-can-trui-mallorca-1-1024x768.jpg\">\n                <img decoding=\"async\" width=\"100%\" alt=\"\" class=\"nd_options_transition_all_08_ease nd_options_opacity_05_hover\" src=\"https:\/\/www.canguillo.de\/wp-content\/uploads\/2019\/06\/finca-can-trui-mallorca-1-1024x768.jpg\">\n            <\/a>\n        <\/div>\n\n        \n    <\/div>   \n\n<div style=\"background-color:;height: 30px\" class=\"nicdark_section  \"><\/div>[vc_column_text]<\/p>\n<h4>DESCRIPCI\u00d3N<\/h4>\n<p>&nbsp;<\/p>\n<p>Esta casa rural se encuentra en Pollensa, en el norte de la isla de Mallorca, y ofrece alojamiento con piscina privada, terraza y vistas a las monta\u00f1as. Es una casa mallorquina con cocina totalmente equipada Incluye TV y ba\u00f1o con ba\u00f1era y secador de pelo. Adem\u00e1s dispone de piscina exterior, zona de barbacoa y jard\u00edn. La casa rural se encuentra a 6 km del monasterio de Lluc y a 53 km del aeropuerto de Palma de Mallorca.[\/vc_column_text]<div style=\"background-color:;height: 15px\" class=\"nicdark_section  \"><\/div>[vc_gallery type=\u00bbimage_grid\u00bb images=\u00bb3658,3661,3664,3667,3670,3673,3676,3679,3682,3685,3688,3691,3694,3697,3700,3703,3706,3709,3712,3715&#8243; img_size=\u00bb291&#215;194&#8243;]<div style=\"background-color:;height: 10px\" class=\"nicdark_section  \"><\/div>[vc_column_text]<\/p>\n<h4><strong>TARIFAS<\/strong><\/h4>\n<p>&nbsp;<\/p>\n<p><strong>Mayo, Junio, Septiembre <\/strong>= 179 \u20ac por d\u00eda<\/p>\n<p><strong>Julio y Agosto<\/strong> = 205 \u20ac por d\u00eda<\/p>\n<p><strong>Octubre<\/strong> = 167 \u20ac por d\u00eda<\/p>\n<p>&nbsp;<\/p>\n<p>&nbsp;<\/p>\n<h4><strong>M\u00c1S INFORMACI\u00d3N<br \/>\n<\/strong><\/h4>\n<p>&nbsp;<\/p>\n<p><span id=\"result_box\" class=\"\" lang=\"es\"><span class=\"\">Si tiene <strong>m\u00e1s preguntas<\/strong>, por favor env\u00edenos un mensaje a trav\u00e9s del <a href=\"https:\/\/www.canguillo.de\/es\/contacto-como-encontrarnos\/\"><strong>formulario de contacto<\/strong><\/a> y con el asunto \u00abCasa Can Trui\u00bb.<\/span> Muchas <span class=\"\">gracias.<\/span><\/span>[\/vc_column_text][\/vc_column][\/vc_row]<\/p>\n<\/div>","protected":false},"excerpt":{"rendered":"<p>[vc_row css=\u00bb.vc_custom_1503567654949{margin-top: 50px !important;margin-bottom: 50px !important;}\u00bb][vc_column][vc_column_text] Casa rural mallorquina con piscina y terraza [\/vc_column_text][vc_column_text] DESCRIPCI\u00d3N &nbsp; Esta casa rural se encuentra en Pollensa, en el norte de la isla de Mallorca, y ofrece alojamiento con piscina privada, terraza y vistas a las monta\u00f1as. Es una casa mallorquina con cocina totalmente equipada Incluye TV y ba\u00f1o [&hellip;]<\/p>\n","protected":false},"author":1,"featured_media":0,"parent":0,"menu_order":0,"comment_status":"closed","ping_status":"closed","template":"","meta":{"footnotes":""},"class_list":["post-2050","page","type-page","status-publish","hentry"],"yoast_head":"<!-- This site is optimized with the Yoast SEO plugin v27.2 - https:\/\/yoast.com\/product\/yoast-seo-wordpress\/ -->\n<title>Casa rural Can Trui en Alquiler en Mallorca<\/title>\n<meta name=\"description\" content=\"Can Trui es una casa rural ubicada en Pollensa, ofreciendo alojamiento con piscina privada, terraza y vistas a las monta\u00f1as. Es una casa rural con cocina totalmente equipada.\" \/>\n<meta name=\"robots\" content=\"index, follow, max-snippet:-1, max-image-preview:large, max-video-preview:-1\" \/>\n<link rel=\"canonical\" href=\"https:\/\/www.canguillo.de\/es\/casa-rural-can-trui\/\" \/>\n<meta property=\"og:locale\" content=\"es_ES\" \/>\n<meta property=\"og:type\" content=\"article\" \/>\n<meta property=\"og:title\" content=\"Casa rural Can Trui en Alquiler en Mallorca\" \/>\n<meta property=\"og:description\" content=\"Can Trui es una casa rural ubicada en Pollensa, ofreciendo alojamiento con piscina privada, terraza y vistas a las monta\u00f1as. Es una casa rural con cocina totalmente equipada.\" \/>\n<meta property=\"og:url\" content=\"https:\/\/www.canguillo.de\/es\/casa-rural-can-trui\/\" \/>\n<meta property=\"og:site_name\" content=\"Finca-Hotel Can Guillo Mallorca\" \/>\n<meta property=\"article:publisher\" content=\"https:\/\/www.facebook.com\/canguillomallorca\" \/>\n<meta property=\"article:modified_time\" content=\"2024-09-08T11:30:18+00:00\" \/>\n<meta name=\"twitter:card\" content=\"summary_large_image\" \/>\n<meta name=\"twitter:label1\" content=\"Tiempo de lectura\" \/>\n\t<meta name=\"twitter:data1\" content=\"6 minutos\" \/>\n<script type=\"application\/ld+json\" class=\"yoast-schema-graph\">{\"@context\":\"https:\/\/schema.org\",\"@graph\":[{\"@type\":\"WebPage\",\"@id\":\"https:\/\/www.canguillo.de\/es\/casa-rural-can-trui\/\",\"url\":\"https:\/\/www.canguillo.de\/es\/casa-rural-can-trui\/\",\"name\":\"Casa rural Can Trui en Alquiler en Mallorca\",\"isPartOf\":{\"@id\":\"https:\/\/www.canguillo.de\/es\/#website\"},\"datePublished\":\"2018-09-28T15:25:41+00:00\",\"dateModified\":\"2024-09-08T11:30:18+00:00\",\"description\":\"Can Trui es una casa rural ubicada en Pollensa, ofreciendo alojamiento con piscina privada, terraza y vistas a las monta\u00f1as. Es una casa rural con cocina totalmente equipada.\",\"breadcrumb\":{\"@id\":\"https:\/\/www.canguillo.de\/es\/casa-rural-can-trui\/#breadcrumb\"},\"inLanguage\":\"es\",\"potentialAction\":[{\"@type\":\"ReadAction\",\"target\":[\"https:\/\/www.canguillo.de\/es\/casa-rural-can-trui\/\"]}]},{\"@type\":\"BreadcrumbList\",\"@id\":\"https:\/\/www.canguillo.de\/es\/casa-rural-can-trui\/#breadcrumb\",\"itemListElement\":[{\"@type\":\"ListItem\",\"position\":1,\"name\":\"Portada\",\"item\":\"https:\/\/www.canguillo.de\/es\/\"},{\"@type\":\"ListItem\",\"position\":2,\"name\":\"Casa rural Can Trui\"}]},{\"@type\":\"WebSite\",\"@id\":\"https:\/\/www.canguillo.de\/es\/#website\",\"url\":\"https:\/\/www.canguillo.de\/es\/\",\"name\":\"Finca-Hotel Can Guillo Mallorca\",\"description\":\"Landhotel Mallorca \u00b7 Country Hotel \u00b7 Agroturismo Pollenca\",\"publisher\":{\"@id\":\"https:\/\/www.canguillo.de\/es\/#organization\"},\"potentialAction\":[{\"@type\":\"SearchAction\",\"target\":{\"@type\":\"EntryPoint\",\"urlTemplate\":\"https:\/\/www.canguillo.de\/es\/?s={search_term_string}\"},\"query-input\":{\"@type\":\"PropertyValueSpecification\",\"valueRequired\":true,\"valueName\":\"search_term_string\"}}],\"inLanguage\":\"es\"},{\"@type\":\"Organization\",\"@id\":\"https:\/\/www.canguillo.de\/es\/#organization\",\"name\":\"Can Guillo S.L.\",\"url\":\"https:\/\/www.canguillo.de\/es\/\",\"logo\":{\"@type\":\"ImageObject\",\"inLanguage\":\"es\",\"@id\":\"https:\/\/www.canguillo.de\/es\/#\/schema\/logo\/image\/\",\"url\":\"https:\/\/www.canguillo.de\/wp-content\/uploads\/2018\/09\/finca-can-guillo-mallorca-00.jpg\",\"contentUrl\":\"https:\/\/www.canguillo.de\/wp-content\/uploads\/2018\/09\/finca-can-guillo-mallorca-00.jpg\",\"width\":533,\"height\":531,\"caption\":\"Can Guillo S.L.\"},\"image\":{\"@id\":\"https:\/\/www.canguillo.de\/es\/#\/schema\/logo\/image\/\"},\"sameAs\":[\"https:\/\/www.facebook.com\/canguillomallorca\",\"https:\/\/www.instagram.com\/canguillo\",\"https:\/\/www.youtube.com\/user\/canguillomallorca\"]}]}<\/script>\n<!-- \/ Yoast SEO plugin. -->","yoast_head_json":{"title":"Casa rural Can Trui en Alquiler en Mallorca","description":"Can Trui es una casa rural ubicada en Pollensa, ofreciendo alojamiento con piscina privada, terraza y vistas a las monta\u00f1as. Es una casa rural con cocina totalmente equipada.","robots":{"index":"index","follow":"follow","max-snippet":"max-snippet:-1","max-image-preview":"max-image-preview:large","max-video-preview":"max-video-preview:-1"},"canonical":"https:\/\/www.canguillo.de\/es\/casa-rural-can-trui\/","og_locale":"es_ES","og_type":"article","og_title":"Casa rural Can Trui en Alquiler en Mallorca","og_description":"Can Trui es una casa rural ubicada en Pollensa, ofreciendo alojamiento con piscina privada, terraza y vistas a las monta\u00f1as. Es una casa rural con cocina totalmente equipada.","og_url":"https:\/\/www.canguillo.de\/es\/casa-rural-can-trui\/","og_site_name":"Finca-Hotel Can Guillo Mallorca","article_publisher":"https:\/\/www.facebook.com\/canguillomallorca","article_modified_time":"2024-09-08T11:30:18+00:00","twitter_card":"summary_large_image","twitter_misc":{"Tiempo de lectura":"6 minutos"},"schema":{"@context":"https:\/\/schema.org","@graph":[{"@type":"WebPage","@id":"https:\/\/www.canguillo.de\/es\/casa-rural-can-trui\/","url":"https:\/\/www.canguillo.de\/es\/casa-rural-can-trui\/","name":"Casa rural Can Trui en Alquiler en Mallorca","isPartOf":{"@id":"https:\/\/www.canguillo.de\/es\/#website"},"datePublished":"2018-09-28T15:25:41+00:00","dateModified":"2024-09-08T11:30:18+00:00","description":"Can Trui es una casa rural ubicada en Pollensa, ofreciendo alojamiento con piscina privada, terraza y vistas a las monta\u00f1as. Es una casa rural con cocina totalmente equipada.","breadcrumb":{"@id":"https:\/\/www.canguillo.de\/es\/casa-rural-can-trui\/#breadcrumb"},"inLanguage":"es","potentialAction":[{"@type":"ReadAction","target":["https:\/\/www.canguillo.de\/es\/casa-rural-can-trui\/"]}]},{"@type":"BreadcrumbList","@id":"https:\/\/www.canguillo.de\/es\/casa-rural-can-trui\/#breadcrumb","itemListElement":[{"@type":"ListItem","position":1,"name":"Portada","item":"https:\/\/www.canguillo.de\/es\/"},{"@type":"ListItem","position":2,"name":"Casa rural Can Trui"}]},{"@type":"WebSite","@id":"https:\/\/www.canguillo.de\/es\/#website","url":"https:\/\/www.canguillo.de\/es\/","name":"Finca-Hotel Can Guillo Mallorca","description":"Landhotel Mallorca \u00b7 Country Hotel \u00b7 Agroturismo Pollenca","publisher":{"@id":"https:\/\/www.canguillo.de\/es\/#organization"},"potentialAction":[{"@type":"SearchAction","target":{"@type":"EntryPoint","urlTemplate":"https:\/\/www.canguillo.de\/es\/?s={search_term_string}"},"query-input":{"@type":"PropertyValueSpecification","valueRequired":true,"valueName":"search_term_string"}}],"inLanguage":"es"},{"@type":"Organization","@id":"https:\/\/www.canguillo.de\/es\/#organization","name":"Can Guillo S.L.","url":"https:\/\/www.canguillo.de\/es\/","logo":{"@type":"ImageObject","inLanguage":"es","@id":"https:\/\/www.canguillo.de\/es\/#\/schema\/logo\/image\/","url":"https:\/\/www.canguillo.de\/wp-content\/uploads\/2018\/09\/finca-can-guillo-mallorca-00.jpg","contentUrl":"https:\/\/www.canguillo.de\/wp-content\/uploads\/2018\/09\/finca-can-guillo-mallorca-00.jpg","width":533,"height":531,"caption":"Can Guillo S.L."},"image":{"@id":"https:\/\/www.canguillo.de\/es\/#\/schema\/logo\/image\/"},"sameAs":["https:\/\/www.facebook.com\/canguillomallorca","https:\/\/www.instagram.com\/canguillo","https:\/\/www.youtube.com\/user\/canguillomallorca"]}]}},"_links":{"self":[{"href":"https:\/\/www.canguillo.de\/es\/wp-json\/wp\/v2\/pages\/2050","targetHints":{"allow":["GET"]}}],"collection":[{"href":"https:\/\/www.canguillo.de\/es\/wp-json\/wp\/v2\/pages"}],"about":[{"href":"https:\/\/www.canguillo.de\/es\/wp-json\/wp\/v2\/types\/page"}],"author":[{"embeddable":true,"href":"https:\/\/www.canguillo.de\/es\/wp-json\/wp\/v2\/users\/1"}],"replies":[{"embeddable":true,"href":"https:\/\/www.canguillo.de\/es\/wp-json\/wp\/v2\/comments?post=2050"}],"version-history":[{"count":11,"href":"https:\/\/www.canguillo.de\/es\/wp-json\/wp\/v2\/pages\/2050\/revisions"}],"predecessor-version":[{"id":4462,"href":"https:\/\/www.canguillo.de\/es\/wp-json\/wp\/v2\/pages\/2050\/revisions\/4462"}],"wp:attachment":[{"href":"https:\/\/www.canguillo.de\/es\/wp-json\/wp\/v2\/media?parent=2050"}],"curies":[{"name":"wp","href":"https:\/\/api.w.org\/{rel}","templated":true}]}}

<div class="wpb-content-wrapper"><p>[vc_row css=».vc_custom_1503567654949{margin-top: 50px !important;margin-bottom: 50px !important;}»][vc_column][vc_column_text]</p>
<h2>Casa rural mallorquina con piscina y terraza</h2>
<p>[/vc_column_text]

    <div class="  nd_options_section">
        

        <div class="nd_options_mpopup_gallery">
            <a class=" nd_options_outline_0 nd_options_mpopup_gallery" href="https://www.canguillo.de/wp-content/uploads/2019/06/finca-can-trui-mallorca-1-1024x768.jpg">
                <img decoding="async" width="100%" alt="" class="nd_options_transition_all_08_ease nd_options_opacity_05_hover" src="https://www.canguillo.de/wp-content/uploads/2019/06/finca-can-trui-mallorca-1-1024x768.jpg">
            </a>
        </div>

        
    </div>   

<div style="background-color:;height: 30px" class="nicdark_section  "></div>[vc_column_text]</p>
<h4>DESCRIPCIÓN</h4>
<p>&nbsp;</p>
<p>Esta casa rural se encuentra en Pollensa, en el norte de la isla de Mallorca, y ofrece alojamiento con piscina privada, terraza y vistas a las montañas. Es una casa mallorquina con cocina totalmente equipada Incluye TV y baño con bañera y secador de pelo. Además dispone de piscina exterior, zona de barbacoa y jardín. La casa rural se encuentra a 6 km del monasterio de Lluc y a 53 km del aeropuerto de Palma de Mallorca.[/vc_column_text]<div style="background-color:;height: 15px" class="nicdark_section  "></div>[vc_gallery type=»image_grid» images=»3658,3661,3664,3667,3670,3673,3676,3679,3682,3685,3688,3691,3694,3697,3700,3703,3706,3709,3712,3715&#8243; img_size=»291&#215;194&#8243;]<div style="background-color:;height: 10px" class="nicdark_section  "></div>[vc_column_text]</p>
<h4><strong>TARIFAS</strong></h4>
<p>&nbsp;</p>
<p><strong>Mayo, Junio, Septiembre </strong>= 179 € por día</p>
<p><strong>Julio y Agosto</strong> = 205 € por día</p>
<p><strong>Octubre</strong> = 167 € por día</p>
<p>&nbsp;</p>
<p>&nbsp;</p>
<h4><strong>MÁS INFORMACIÓN<br />
</strong></h4>
<p>&nbsp;</p>
<p><span id="result_box" class="" lang="es"><span class="">Si tiene <strong>más preguntas</strong>, por favor envíenos un mensaje a través del <a href="https://www.canguillo.de/es/contacto-como-encontrarnos/"><strong>formulario de contacto</strong></a> y con el asunto «Casa Can Trui».</span> Muchas <span class="">gracias.</span></span>[/vc_column_text][/vc_column][/vc_row]</p>
</div>

<p>[vc_row css=».vc_custom_1503567654949{margin-top: 50px !important;margin-bottom: 50px !important;}»][vc_column][vc_column_text] Casa rural mallorquina con piscina y terraza [/vc_column_text][vc_column_text] DESCRIPCIÓN &nbsp; Esta casa rural se encuentra en Pollensa, en el norte de la isla de Mallorca, y ofrece alojamiento con piscina privada, terraza y vistas a las montañas. Es una casa mallorquina con cocina totalmente equipada Incluye TV y baño [&hellip;]</p>

<!-- This site is optimized with the Yoast SEO plugin v27.2 - https://yoast.com/product/yoast-seo-wordpress/ -->
<title>Casa rural Can Trui en Alquiler en Mallorca</title>
<meta name="description" content="Can Trui es una casa rural ubicada en Pollensa, ofreciendo alojamiento con piscina privada, terraza y vistas a las montañas. Es una casa rural con cocina totalmente equipada." />
<meta name="robots" content="index, follow, max-snippet:-1, max-image-preview:large, max-video-preview:-1" />
<link rel="canonical" href="https://www.canguillo.de/es/casa-rural-can-trui/" />
<meta property="og:locale" content="es_ES" />
<meta property="og:type" content="article" />
<meta property="og:title" content="Casa rural Can Trui en Alquiler en Mallorca" />
<meta property="og:description" content="Can Trui es una casa rural ubicada en Pollensa, ofreciendo alojamiento con piscina privada, terraza y vistas a las montañas. Es una casa rural con cocina totalmente equipada." />
<meta property="og:url" content="https://www.canguillo.de/es/casa-rural-can-trui/" />
<meta property="og:site_name" content="Finca-Hotel Can Guillo Mallorca" />
<meta property="article:publisher" content="https://www.facebook.com/canguillomallorca" />
<meta property="article:modified_time" content="2024-09-08T11:30:18+00:00" />
<meta name="twitter:card" content="summary_large_image" />
<meta name="twitter:label1" content="Tiempo de lectura" />
	<meta name="twitter:data1" content="6 minutos" />
<script type="application/ld+json" class="yoast-schema-graph">{"@context":"https://schema.org","@graph":[{"@type":"WebPage","@id":"https://www.canguillo.de/es/casa-rural-can-trui/","url":"https://www.canguillo.de/es/casa-rural-can-trui/","name":"Casa rural Can Trui en Alquiler en Mallorca","isPartOf":{"@id":"https://www.canguillo.de/es/#website"},"datePublished":"2018-09-28T15:25:41+00:00","dateModified":"2024-09-08T11:30:18+00:00","description":"Can Trui es una casa rural ubicada en Pollensa, ofreciendo alojamiento con piscina privada, terraza y vistas a las montañas. Es una casa rural con cocina totalmente equipada.","breadcrumb":{"@id":"https://www.canguillo.de/es/casa-rural-can-trui/#breadcrumb"},"inLanguage":"es","potentialAction":[{"@type":"ReadAction","target":["https://www.canguillo.de/es/casa-rural-can-trui/"]}]},{"@type":"BreadcrumbList","@id":"https://www.canguillo.de/es/casa-rural-can-trui/#breadcrumb","itemListElement":[{"@type":"ListItem","position":1,"name":"Portada","item":"https://www.canguillo.de/es/"},{"@type":"ListItem","position":2,"name":"Casa rural Can Trui"}]},{"@type":"WebSite","@id":"https://www.canguillo.de/es/#website","url":"https://www.canguillo.de/es/","name":"Finca-Hotel Can Guillo Mallorca","description":"Landhotel Mallorca · Country Hotel · Agroturismo Pollenca","publisher":{"@id":"https://www.canguillo.de/es/#organization"},"potentialAction":[{"@type":"SearchAction","target":{"@type":"EntryPoint","urlTemplate":"https://www.canguillo.de/es/?s={search_term_string}"},"query-input":{"@type":"PropertyValueSpecification","valueRequired":true,"valueName":"search_term_string"}}],"inLanguage":"es"},{"@type":"Organization","@id":"https://www.canguillo.de/es/#organization","name":"Can Guillo S.L.","url":"https://www.canguillo.de/es/","logo":{"@type":"ImageObject","inLanguage":"es","@id":"https://www.canguillo.de/es/#/schema/logo/image/","url":"https://www.canguillo.de/wp-content/uploads/2018/09/finca-can-guillo-mallorca-00.jpg","contentUrl":"https://www.canguillo.de/wp-content/uploads/2018/09/finca-can-guillo-mallorca-00.jpg","width":533,"height":531,"caption":"Can Guillo S.L."},"image":{"@id":"https://www.canguillo.de/es/#/schema/logo/image/"},"sameAs":["https://www.facebook.com/canguillomallorca","https://www.instagram.com/canguillo","https://www.youtube.com/user/canguillomallorca"]}]}</script>
<!-- / Yoast SEO plugin. -->

Can Trui es una casa rural ubicada en Pollensa, ofreciendo alojamiento con piscina privada, terraza y vistas a las montañas. Es una casa rural con cocina totalmente equipada.
